 3*d - 8*d + g = -3*t, -5*t + 4*d = 6. Suppose -t*u + 19 = -u. List the prime factors of u.
19
Let y(u) = u + 8. Let g be y(-4). List the prime factors of ((-253)/g - 3/(-12))*-1.
3, 7
Let f(m) = -m**3 - m**2. Let n be 0 - (-1 + (2 - 0)). Let v be f(n). Suppose 2*c - 5*c + 96 = v. What are the prime factors of c?
2
Suppose -693 = -21*a + 1596. What are the prime factors of a?
109
Let f = -444 + 855. List the prime factors of f.
3, 137
Let j = 44 - 30. List the prime factors of j.
2, 7
Suppose 0 = -5*k + 4 + 6. Suppose 0 = -2*u + 4*f + 52, k*f - 25 = -u - 7. List the prime factors of u.
2, 11
Let l = 10 + -10. Suppose 3*p + 3*q - 126 = l, 198 = 5*p - q + 2*q. List the prime factors of p.
3, 13
Let k(a) = 2*a**2 + 2*a + 2. Let x be k(6). Suppose -2*q = -x - 114. What are the prime factors of q?
2, 5
Let y(m) = 1 + 0*m + 16 + 2*m - m. What are the prime factors of y(-7)?
2, 5
Suppose -c + 3*c + 4 = 0. Let x be (324/30)/(c/(-5)). Suppose 0*u = u - x. List the prime factors of u.
3
Suppose -4*o = -8*o. Let r be o*((-2)/1 - -3). Suppose 4*j + j - 95 = r. What are the prime factors of j?
19
Suppose 13*u - 21*u = -3488. List the prime factors of u.
2, 109
Suppose 160*j - 153*j - 7350 = 0. List the prime factors of j.
2, 3, 5, 7
Let f(r) = -r**3 + 3*r**2 + 3*r + 6. Let l be f(4). Suppose 0 = -5*m - h + 342, 0*h + h + 141 = l*m. What are the prime factors of m?
3, 23
Let r(n) = -n - 5. Let f be r(-3). Let z be (5 - (-4)/4) + f. Suppose z*s = 28 + 84. What are the prime factors of s?
2, 7
Let f(v) = -v**3 + 40*v**2 + 56*v - 88. List the prime factors of f(41).
17, 31
Let w(b) = -b**3 - 7*b**2 + 6. Suppose z = 5*z + 4*i + 4, 0 = -z - 4*i - 4. Suppose 4*f = 2*u + 14 - 40, z = 2*f + u + 19. List the prime factors of w(f).
2, 5, 7
Let f(q) = -16*q**3 + 3*q**2 + 18*q + 37. What are the prime factors of f(-3)?
2, 13, 17
Suppose 3720 = 16*q - 6*q. List the prime factors of q.
2, 3, 31
Let s(d) = 89*d + 372. List the prime factors of s(8).
2, 271
Let s = 763 + 606. What are the prime factors of s?
37
Suppose b = 0, 2*b + 264 = k + 4*b. List the prime factors of k.
2, 3, 11
Suppose 2*p - 3*p = 4*a - 2129, -3 = -3*p. List the prime factors of a.
2, 7, 19
Let j(w) = -3*w**2 + 2 - 2*w + w**3 - 5*w - 4. Let x be j(5). Let b = x + -5. What are the prime factors of b?
2
List the prime factors of 0 + 1 + (873 - (-12 - -9)).
877
What are the prime factors of -18*(1792/(-12))/4 + 1?
673
What are the prime factors of 1592*(3 - 25/10)?
2, 199
Let c be 10/35 - (-3963)/21. Let l = -118 + c. List the prime factors of l.
71
What are the prime factors of 24/8 + (-1 + -4 - -79)?
7, 11
Suppose -3*a = k - 17, a + 2*a = -4*k + 23. What are the prime factors of (148 - -7) + (0 + 2)*k?
3, 53
Let x(p) = 22*p. Suppose -2*n = 3*q - 15, 2*n + n = -2*q + 15. Let c be x(n). List the prime factors of c/6 + (2 - 1).
2, 3
Suppose 1034 = 4*t - 3*t + 4*w, -4*t = -4*w - 4176. What are the prime factors of t?
2, 521
Let q be (1 + -1)/(2 + -2 + -2). Suppose 0*u = -u + 4*x + 71, -5*u + 3*x + 355 = q. List the prime factors of u.
71
Let q(r) = r + 4. Let h be q(-5). Suppose 3 = -2*k + 2*g + 11, 0 = -3*k - 2*g - 8. What are the prime factors of k - (0/h - 2)?
2
Let k be (-576)/(-15) + (-6)/15. Suppose -z - n - k = -2*n, 0 = 3*z + 2*n + 124. Let f = z + 63. List the prime factors of f.
23
Let d = 4 + 20. What are the prime factors of (-3)/(d/9 + -3)?
3
Suppose 0 = 5*z - 2*n + 6*n - 3898, 2*z - 1570 = 2*n. What are the prime factors of z?
2, 17, 23
Let j = 2 - 8. Let v = j - 0. Let f(y) = -y**3 - 4*y**2 + 7*y - 7. List the prime factors of f(v).
23
Let l be 6 + (-6)/3 + 2. Let m(p) = 23*p - 1. Let w be m(1). List the prime factors of w*l*(-3)/(-12).
3, 11
Suppose 2*y - 7 + 1 = 0. Suppose -2*w = 2*j + w - 94, y*j = -3*w + 141. What are the prime factors of j?
47
Suppose -383*j + 385*j = 154. List the prime factors of j.
7, 11
Let k(c) = c**3 + 7*c**2 + 11*c + 7. Suppose -2*r + 8 - 18 = 0. What are the prime factors of k(r)?
2
Let u(s) = -5*s**2 - 8*s + 5. Let z(j) = j - 1. Let g(i) = -u(i) - 6*z(i). Let m be g(2). Suppose -m = -4*x - x. List the prime factors of x.
5
Let b(u) = 2*u**3 - 7*u**2 + 3*u - 20. List the prime factors of b(9).
2, 449
Let d = 17 - -16. What are the prime factors of d?
3, 11
Suppose 0 = 3*k + 4*l - 153, -5*l + 424 = 5*k + 169. List the prime factors of k.
3, 17
Let y(d) = -80*d - 30. What are the prime factors of y(-3)?
2, 3, 5, 7
Suppose 3*a + 36 = 2*v - 5*v, 4*v = -2*a - 24. Let t = 142 - a. What are the prime factors of t?
2, 7, 11
Suppose -5*x - 93*p = -91*p - 7085, -2*p = 4*x - 5668. List the prime factors of x.
13, 109
List the prime factors of -1 - 3 - (-108*6 - -7).
7, 13
Let o(a) = 5*a + 104 - 26 - 54 - 17*a**2 + 3*a**3. List the prime factors of o(7).
3, 5, 17
Suppose -2*b - 3*g = 2*g, b = g. Suppose 0 = -2*j - d + 1 + 11, b = j + 2*d - 9. Suppose -j*o = -1 - 19. What are the prime factors of o?
2
Let z be (-967)/(-5) + -1*(-10)/(-25). Suppose -5*w + 4*l + 27 = -890, 4*l - z = -w. What are the prime factors of w?
5, 37
Let h be (10/(-3))/(1/3). Suppose 2*c + 4*a = -4, -5*c + 2 + 30 = -4*a. List the prime factors of 54/c + h/20.
13
Let q be ((-6)/(-15) - 8/10)*310. List the prime factors of -6 + 4 + 0 - q.
2, 61
Let t be (0/4 - 7) + 0 + 0. Let r(p) = 3*p**2 + p + 7. What are the prime factors of r(t)?
3, 7
Suppose 4*b - 4*i - 716 = 0, 20*b - 2*i = 24*b - 722. What are the prime factors of b?
2, 3, 5
Let f(v) = v**2 - 4*v - 5. Let b be f(6). Suppose -2*z - 145 = -b*z. What are the prime factors of z?
29
Let b = 923 + -545. What are the prime factors of b?
2, 3, 7
What are the prime factors of 2/21 + (-41780)/(-105)?
2, 199
Let y be (-8)/(-6) + (-6)/(-9). Let o = 114 - y. What are the prime factors of o?
2, 7
Suppose -101 = 5*g - 2*f - 581, -277 = -3*g - f. List the prime factors of g.
2, 47
Suppose 0 = -13*s + 17*s - 2844. What are the prime factors of s?
3, 79
Suppose 533*o = 527*o + 7278. List the prime factors of o.
1213
Let i = 499 - 243. What are the prime factors of i?
2
Let a = 941 + -626. What are the prime factors of a?
3, 5, 7
Let o = 14 - -9. Let f = 91 - o. List the prime factors of f.
2, 17
List the prime factors of (-5 - 1) + -1 + 795.
2, 197
Let g be 3/5 + (-274)/(-10). Let i = g + -25. Suppose -3*k + 24 = i*x, -5 = -x - 2*k + 2. What are the prime factors of x?
3
Suppose -43*i = -21753 - 12862. List the prime factors of i.
5, 7, 23
Suppose -2*j = h + 259, 5*j - 6*h + 2*h + 667 = 0. Let x = -76 - j. What are the prime factors of x?
5, 11
Let j = 2 - -3. Let r(x) = -x**3 - 10*x**2 + 15*x + 3. Let w be r(-12). Suppose -w - 9 = -j*g. What are the prime factors of g?
2, 3
Suppose 4*r = w - 3230, 22*r = -5*w + 24*r + 16222. List the prime factors of w.
2, 3, 541
What are the prime factors of (-4 - (-117)/36)*-1052?
3, 263
Suppose -2*v + 3 + 3 = 0. Suppose v*n + 58 = 2*c + 2*n, -4*n = 2*c - 48. What are the prime factors of c?
2, 7
Let b = 2476 - 2472. What are the prime factors of b?
2
Let j = 812 - -297. What are the prime factors of j?
1109
Suppose 2*j - 856 = -2*s, -9*s + 4*s + 2134 = -j. List the prime factors of s.
7, 61
Suppose 7 = -2*q + 19. Suppose 0 = 2*j - 2*y, q*j - j = -5*y + 50. Suppose -j*n + 178 = -27. What are the prime factors of n?
41
Let b be -26*(-20)/(-8) + 2. Let u be (-18)/b + (-228)/14. Let n = u + 34. What are the prime factors of n?
2, 3
Let t(o) be the second derivative of -o**3/6 + 11*o**2/2 + o. Let j be t(11). What are the prime factors of 4/1 + 27 - j?
31
Let d = 167 - -106. Suppose 0 = -2*w + d + 47. Suppose -5*l = 5*t - 165, w = 4*l + l + 4*t. What are the prime factors of l?
2, 7
Suppose 0 = 2*s - 2 - 2. Let v be (s/5)/(1/5). What are the prime factors of (v + -58)/(-4) - -2?
2
Let a(p) = -2*p**3 - 7*p**2 - 3. Let o be a(-7). List the prime factors of 2*(-4 - o/(-8)).
7, 11
Suppose 3*m - 58 = 425. List the prime factors of m.
7, 23
Let h be 18/4*(-8)/(-3). Let v = h + -8. Suppose -s - 55 = -t, v*t + 3*s - 222 = 5*s. What are the prime factors of t?
2, 7
Let s(i) = -2*i**2 + 21*i - 41. Let f be s(14). Let t = f + 305. What are the prime factors of t?
2, 83
Let s = 4330 + -2531. What are the prime factors of s?
7, 257
Let l = -8 - -13. Suppose 48 = l*c - c. Let y = c + -4. What are the prime factors of y?
2
Let v be -39 - -16